Calculate the highest common divisor of 47 and 376.
47
Calculate the highest common factor of 472 and 1534.
118
Calculate the greatest common factor of 833 and 102.
17
What is the greatest common factor of 22 and 50?
2
What is the greatest common divisor of 188 and 4606?
94
Calculate the greatest common factor of 20 and 12.
4
What is the greatest common factor of 32 and 272?
16
Calculate the greatest common divisor of 1773 and 4531.
197
Calculate the highest common divisor of 4 and 139.
1
Calculate the greatest common divisor of 27 and 63.
9
What is the greatest common divisor of 41 and 943?
41
Calculate the greatest common divisor of 288 and 9184.
32
Calculate the highest common factor of 67 and 6365.
67
Calculate the greatest common divisor of 95 and 1463.
19
What is the highest common divisor of 312 and 1352?
104
What is the highest common factor of 39 and 2119?
13
What is the greatest common divisor of 1315 and 5?
5
What is the highest common divisor of 1884 and 108?
12
What is the greatest common factor of 14380 and 60?
20
What is the greatest common factor of 732 and 12?
12
Calculate the highest common factor of 2650 and 250.
50
What is the greatest common divisor of 96 and 20784?
48
Calculate the greatest common factor of 12 and 25.
1
What is the highest common divisor of 9334 and 26?
26
What is the greatest common factor of 200 and 40?
40
Calculate the greatest common factor of 42 and 609.
21
Calculate the greatest common factor of 4 and 262.
2
What is the highest common factor of 275 and 125?
25
Calculate the highest common factor of 20 and 90.
10
What is the highest common factor of 341 and 77?
11
What is the greatest common factor of 1 and 1543?
1
What is the greatest common divisor of 6231 and 335?
67
What is the greatest common divisor of 20 and 30?
10
What is the greatest common divisor of 60 and 9420?
60
Calculate the highest common factor of 57 and 285.
57
What is the greatest common divisor of 1620 and 140?
20
Calculate the greatest common factor of 600 and 14200.
200
Calculate the highest common factor of 7344 and 1122.
102
What is the greatest common divisor of 12456 and 72?
72
Calculate the greatest common factor of 1855 and 35.
35
What is the highest common factor of 123 and 1927?
41
Calculate the greatest common divisor of 8611 and 109.
109
What is the highest common divisor of 14 and 2114?
14
What is the highest common divisor of 80 and 7020?
20
What is the greatest common divisor of 9 and 1143?
9
Calculate the greatest common divisor of 560 and 70.
70
Calculate the greatest common divisor of 159 and 3.
3
Calculate the greatest common factor of 585 and 180.
45
Calculate the greatest common factor of 240 and 15.
15
Calculate the greatest common factor of 140 and 20.
20
Calculate the highest common divisor of 125 and 5.
5
Calculate the greatest common factor of 273 and 117.
39
What is the highest common divisor of 119 and 11186?
119
Calculate the highest common factor of 603 and 134.
67
Calculate the highest common factor of 2665 and 410.
205
Calculate the greatest common divisor of 112 and 10136.
56
What is the greatest common divisor of 736 and 23?
23
Calculate the highest common factor of 76 and 24.
4
What is the greatest common divisor of 1147 and 465?
31
What is the highest common factor of 24 and 168?
24
Calculate the greatest common factor of 119 and 9401.
119
What is the greatest common factor of 24 and 20712?
24
Calculate the highest common divisor of 1014 and 39.
39
Calculate the greatest common factor of 176 and 208.
16
Calculate the greatest common factor of 244 and 6710.
122
Calculate the highest common divisor of 24 and 123.
3
What is the greatest common factor of 13 and 39?
13
What is the greatest common factor of 377 and 143?
13
Calculate the greatest common divisor of 65 and 40.
5
What is the greatest common divisor of 45 and 345?
15
What is the highest common factor of 384 and 1200?
48
Calculate the highest common divisor of 2075 and 415.
415
Calculate the greatest common factor of 15 and 111.
3
What is the highest common divisor of 28 and 700?
28
Calculate the greatest common divisor of 6314 and 154.
154
Calculate the highest common factor of 1806 and 2184.
42
Calculate the greatest common factor of 287 and 7.
7
Calculate the greatest common divisor of 21195 and 314.
157
What is the greatest common factor of 270 and 180?
90
What is the greatest common factor of 11858 and 484?
242
Calculate the greatest common divisor of 116 and 377.
29
Calculate the greatest common factor of 1 and 7.
1
What is the highest common factor of 21 and 175?
7
What is the greatest common factor of 14 and 10?
2
What is the highest common divisor of 28 and 5180?
28
What is the highest common divisor of 736 and 69?
23
Calculate the highest common factor of 85 and 153.
17
Calculate the highest common factor of 301 and 7.
7
What is the highest common factor of 60 and 15?
15
What is the greatest common factor of 3 and 183?
3
What is the highest common factor of 154 and 44?
22
What is the highest common divisor of 128 and 20?
4
Calculate the highest common divisor of 54 and 117.
9
What is the highest common factor of 1684 and 4?
4
What is the highest common divisor of 114 and 10?
2
Calculate the highest common divisor of 10236 and 12.
12
Calculate the greatest common divisor of 33 and 8943.
33
Calculate the greatest common factor of 1322 and 12.
2
What is the greatest common divisor of 1037 and 61?
61
What is the greatest common divisor of 135 and 15?
15
Calculate the highest common divisor of 156 and 36.
12
What is the greatest common factor of 4810 and 195?
65
What is the greatest common factor of 37 and 3?
1
What is the greatest common divisor of 79 and 21883?
79
Calculate the greatest common factor of 86 and 4.
2
Calculate the highest common factor of 1820 and 117.
13
What is the greatest common divisor of 1377 and 102?
51
Calculate the highest common factor of 45 and 20.
5
What is the greatest common factor of 12 and 5844?
12
Calculate the greatest common divisor of 2756 and 299.
13
What is the greatest common factor of 17812 and 2044?
292
Calculate the greatest common divisor of 15 and 51240.
15
What is the greatest common factor of 26 and 923?
13
What is the greatest common divisor of 30 and 16?
2
What is the greatest common factor of 286 and 429?
143
Calculate the highest common factor of 326 and 38.
2
Calculate the greatest common divisor of 36096 and 288.
96
What is the greatest common factor of 6 and 34?
2
What is the greatest common divisor of 100 and 900?
100
Calculate the greatest common factor of 2771 and 34.
17
Calculate the greatest common divisor of 93 and 6.
3
Calculate the greatest common factor of 952 and 56.
56
Calculate the highest common divisor of 92 and 782.
46
What is the highest common divisor of 275 and 110?
55
Calculate the greatest common factor of 90 and 20.
10
Calculate the greatest common divisor of 60 and 10830.
30
What is the highest common divisor of 140 and 20?
20
Calculate the greatest common divisor of 2109 and 228.
57
What is the highest common factor of 2008 and 7279?
251
Calculate the highest common factor of 3699 and 270.
27
What is the highest common factor of 355 and 213?
71
What is the highest common factor of 2322 and 108?
54
Calculate the greatest common divisor of 119 and 17.
17
What is the highest common divisor of 8865 and 180?
45
What is the greatest common factor of 11 and 4037?
11
What is the greatest common factor of 207 and 6279?
69
What is the highest common factor of 103 and 18849?
103
What is the highest common factor of 20510 and 70?
70
What is the highest common factor of 9 and 72?
9
Calculate the highest common divisor of 21875 and 35.
35
Calculate the highest common divisor of 24 and 255.
3
What is the greatest common divisor of 45 and 585?
45
What is the greatest common factor of 44 and 484?
44
What is the greatest common factor of 52 and 767?
13
What is the greatest common divisor of 130 and 104?
26
Calculate the highest common divisor of 825 and 225.
75
What is the greatest common divisor of 125 and 100?
25
What is the greatest common factor of 198 and 14388?
66
Calculate the highest common divisor of 335 and 67.
67
Calculate the highest common divisor of 140 and 1